-42 - g. Calculate the remainder when 32 is divided by q.
15
Suppose d - 3*n - 44 = 0, -n = 3*d - 3*n - 111. Calculate the remainder when d is divided by 19.
16
Let z be (2 + -1)*(-1 + -6). Let r = 12 - z. Suppose 3*u - 17 = r. Calculate the remainder when 45 is divided by u.
9
Let u be (0 - 1) + 2 + -1. Suppose -2*g + 5*o + 75 = u, 0 = 3*g - 4*o - 12 - 104. What is the remainder when g is divided by 14?
12
Suppose -37 = -5*a + c - 2*c, 5*c = 3*a - 39. What is the remainder when 13 is divided by a?
5
Let s be -1*(96 + 2) - -1. Let h = s + 163. Calculate the remainder when h is divided by 17.
15
What is the remainder when 38 is divided by 75/5 + (-3 - -1)?
12
Suppose g - 2*g + 3*v + 27 = 0, -4*v - 102 = -5*g. What is the remainder when 31 is divided by g?
13
Let n = -1 - -7. Let u = 6 - n. Suppose u = -3*a - 5*z + 45, 8 = 4*a + z - 52. What is the remainder when a is divided by 8?
7
Suppose 0*m = -5*m + 145. Let k = 40 - m. Let f = 30 - 10. What is the remainder when f is divided by k?
9
Let v be 2/(-2 + 52/25). Suppose -w = 4*w - v. Calculate the remainder when w is divided by 2.
1
Let o = -6 + 10. Let k(r) = -r**2 - 8*r - 9. Let y(b) = 1. Let t(f) = o*y(f) + k(f). What is the remainder when 20 is divided by t(-6)?
6
What is the remainder when 24 is divided by 0 + 171/33 + 8/(-44)?
4
Let o = 34 - 18. Let m = 35 - o. What is the remainder when m is divided by 5?
4
Let p = 4 - -6. Let z = -43 - -62. What is the remainder when z is divided by p?
9
Let g = 61 + -7. Suppose -3*v - 15 + g = 0. Calculate the remainder when v is divided by 8.
5
Suppose 5*o + n - 3*n - 124 = 0, o - 28 = 2*n. Let h = 7 - 5. Calculate the remainder when o is divided by 26*(-3 + 7/h).
11
Let h(b) = -b + 4. Let x be h(5). Let w(u) = -17*u**3 + u**2. Suppose 6*n - 8*n = -104. What is the remainder when n is divided by w(x)?
16
Let f = -90 + 105. Calculate the remainder when 52 is divided by f.
7
Let i(f) = f**3 - 9*f**2 - 10*f + 11. What is the remainder when 1 + -1 + 2 - -41 is divided by i(10)?
10
What is the remainder when (0 - 1)/(13/(-572)) is divided by 24?
20
Let n = 38 + -30. Calculate the remainder when n is divided by 6.
2
Let c(x) = 3*x - 1. Let p be c(4). Let a = -5 + p. Calculate the remainder when 21 is divided by a.
3
What is the remainder when 82 is divided by (-44 + 2)/(-3 + 1)?
19
Let x(i) = 2*i**2 + 4*i + 1. Let h(n) = n**3 - 4*n**2 + 3*n - 7. Suppose 0*f = 3*f - 3*t - 6, 3*f - 12 = t. What is the remainder when h(f) is divided by x(2)?
16
Let g = 94 + -141. Let d = g - -73. Calculate the remainder when d is divided by 9.
8
Let v(b) = b**3 + 7*b**2 + 3*b - 5. Suppose 4*d = -10 - 10. What is the remainder when 119 is divided by v(d)?
29
Let i = 24 + -14. Suppose 2*a - 3*a + i = 0. What is the remainder when a is divided by 6?
4
Let q(p) = -p. Let j(d) = d**3 + 8*d**2 - 10*d - 5. Let c be j(-9). Suppose 2*i = 3*i - c. Calculate the remainder when i is divided by q(-3).
1
Suppose -40 - 40 = -5*p. Suppose 3*z + 5*d - 3 = -16, 2*z + 10 = -4*d. What is the remainder when 2/z + 1 + 46 is divided by p?
13
Suppose 3*p = 4*p - 2. Suppose 31 = 4*f - f + 5*c, -2*f + p*c - 6 = 0. Calculate the remainder when 5 is divided by f.
1
Suppose -5*b = 4*l - 90, 0 = -2*l + 4*l - 4*b - 32. Let p(m) = m + 10. What is the remainder when l is divided by p(-3)?
6
Let g = 147 + -86. Suppose 3*b - 41 = 4*v, 5*b - 4 = 5*v + g. What is the remainder when b is divided by 4?
3
Suppose -4*y + 4*v + 24 = 6*v, -4*v = 0. What is the remainder when 11 is divided by y?
5
Let h be ((-36)/30)/((-9)/30). Suppose -h*s = -23 - 77. Let l = 12 - -2. What is the remainder when s is divided by l?
11
Let y = 8 + 1. Calculate the remainder when 15 is divided by y.
6
Suppose -140 = -0*i - 5*i. Suppose 4*b = -0*b + i. Calculate the remainder when -2 - (0 + -2 + -12) is divided by b.
5
Calculate the remainder when 45 is divided by 24/(-4)*16/(-6).
13
Let q be 1057/(-63) + (0 - (-6)/(-27)). Let v be -1 + 34*(-2)/(-2). Let f = q + v. What is the remainder when 63 is divided by f?
15
Let o = -6 + 4. Let s(x) be the second derivative of -x**3/2 + 49*x. Calculate the remainder when 17 is divided by s(o).
5
Suppose 0 = -2*q + 5*o + 40 + 96, 0 = 5*q + 4*o - 373. Calculate the remainder when q is divided by 19.
16
Suppose -3*u = -0*u - 36. What is the remainder when 83 is divided by u?
11
Let w(l) = -l**3 + 2*l - 2. Suppose h = -h + 8. What is the remainder when h is divided by w(-2)?
0
Suppose -2*b = 3*h + 27 - 9, 0 = -5*b - 4*h - 31. Let r be b/(3/(-2)) + 0. Suppose y + r - 7 = 0. Calculate the remainder when y is divided by 3.
2
Let r(f) = 12*f + 11. Calculate the remainder when r(6) is divided by 12.
11
Suppose 10*c = -525 + 1545. Calculate the remainder when c is divided by 27.
21
Suppose 0 = 5*m - 15. Calculate the remainder when 10 is divided by m.
1
Let f(n) = -n**2 + 13*n - 6. Let y be f(7). Suppose 3*r - 57 = y. What is the remainder when r is divided by (-2)/(-2)*1*11?
9
Let m(l) = l**3 + 15*l**2 + 15*l + 62. Calculate the remainder when 238 is divided by m(-14).
46
Suppose 5*s = -r - 43, r + 4*s = -3*r - 92. Let y = -12 - r. Let m(u) = 2*u**2 - u + 1. What is the remainder when m(y) is divided by 23?
21
Suppose -132 = -4*a - a + 4*o, -2*a + 42 = 2*o. What is the remainder when 117 is divided by a?
21
Let r = -42 - -54. What is the remainder when 94 is divided by r?
10
Let v = 212 + -146. What is the remainder when v is divided by 34?
32
Let d = -74 + 124. Suppose i - 3 = -3*j + 5, 4*j = i - 29. What is the remainder when d is divided by i?
16
What is the remainder when 150 is divided by (374/11)/(0 - -2)?
14
Let p = 32 - -7. Suppose -3*z + 56 = 2*t, 0 = z + z + t - p. Calculate the remainder when (-3 - -1) + z + -6 is divided by 8.
6
Let u(m) be the first derivative of m**4/4 - 5*m**3/3 - m**2 - 4*m + 1. What is the remainder when 38 is divided by u(6)?
18
Suppose -2*b - 3 = 1, -6 = -2*j + b. Suppose -5*m + 0*m + 5 = -3*o, -j*m - 3*o + 2 = 0. Calculate the remainder when 22*m + 2 - -1 is divided by 13.
12
Let d(v) = -v + 6. Let y be d(5). Let i be 2 + 1/(y/22). Let t = i - 17. What is the remainder when t is divided by 4?
3
Let g = 183 + -76. Let m = g + -60. What is the remainder when m is divided by 10?
7
What is the remainder when (-1 + 10 - 0) + 0 is divided by 5?
4
Suppose 0 = -w + 3*y + 15, 2*w + 3*y + 6 = -0*w. Suppose -2*l + w*l = 55. What is the remainder when l is divided by 29?
26
Let r be 1/(2*(-2)/4). Let v be (8 - -2)*r/(-2). Let w = 20 - v. What is the remainder when 28 is divided by w?
13
Suppose -1 = -5*g + 14. Let u(l) = 6*l - 2 - 2 - 2*l + 5*l. What is the remainder when u(g) is divided by 8?
7
Suppose u + 25 = 2*q, -3*q = -4*q - 5*u - 15. Suppose -q = -n + 4*y, 4*y - 2 - 6 = 0. What is the remainder when 34 is divided by n?
16
Let c be (68 - 0) + (-3)/(-1). Suppose 64 + c = 3*l. What is the remainder when l is divided by 12?
9
Let l(m) = m**2 - 6*m + 9. Let z be l(5). Calculate the remainder when (-3)/(z - 1) - -60 is divided by 20.
19
Let a(f) = f + 26. What is the remainder when 134 is divided by a(8)?
32
Let j(c) = 10*c - 4. Calculate the remainder when j(3) is divided by 9.
8
Let s(x) = -x**2 + 11*x - 6. Let k = 23 + -16. Suppose r - 4*r + 4*t = -16, -4*r = -4*t - 24. Calculate the remainder when s(k) is divided by r.
6
Suppose -5*q + 2*x = -2*x - 52, 5*q - 25 = -5*x. Suppose 2 = -q*g + 9*g. Calculate the remainder when 5 is divided by g.
1
Let i(n) = n**3 - 5*n**2 + 2. Let t = 5 - 4. Let k = 6 - t. What is the remainder when i(k) is divided by 2?
0
Let l = 29 + -19. What is the remainder when 39 is divided by l?
9
Let m be (-2)/(-5) + (-18)/(-5). Let w be ((-10)/m)/((-3)/66). Calculate the remainder when 16 is divided by 1/2 + w/10.
4
Let y = -26 + 7. Let m = 39 + y. What is the remainder when m is divided by 11?
9
Let r = 5 - 2. Let n be r - 4 - (3 - -2). Calculate the remainder when 17 is divided by (9/n)/((-1)/6).
8
Calculate the remainder when (-14)/(-63) - 565/(-9) is divided by 13.
11
Let s = -246 + 370. Let f = s + -81. What is the remainder when f is divided by 11?
10
Let p(g) = -g + 4. Let s be p(-3). Calculate the remainder when 1/(1/s*1) is divided by 3.
1
Let l(m) = -2*m + 3. Calculate the remainder when 17 is divided by l(-1).
2
Let f be 3/(100/32 - 3). Let n =